me factors of h.
17
Suppose 0 = -k - 2*k. What are the prime factors of 2*(k - (-39)/6)?
13
Let b(c) = c**3 + 5*c**2 - 4*c - 1. Let q be b(-6). Let u = q - -31. List the prime factors of u.
2, 3
Suppose -3*j + 0*j = -69. List the prime factors of j.
23
Suppose w - 214 = 3*q - 0*w, -4*q - 5*w - 260 = 0. Let o = q + 115. Suppose -h + a - 25 = -5*h, o = 4*h + 5*a. What are the prime factors of h?
5
Let o(l) = -6*l**3 + 7*l + 7. Let u(m) = -5*m**3 - m**2 + 6*m + 7. Let f(j) = 4*o(j) - 5*u(j). List the prime factors of f(-5).
3
Let i(y) = y**3 - 3*y**2 + 2*y. What are the prime factors of i(7)?
2, 3, 5, 7
Suppose 5*q - 4*q = -11. List the prime factors of 2 + 0 + (-2 - q).
11
Let n be (-25)/(-9) - 2/(-9). Suppose 13 = -2*l + n*l. List the prime factors of l.
13
Let k = -63 - -191. List the prime factors of k.
2
Let i be (-57)/(-6) + 1/2. Suppose 52 = 3*b + 3*u - u, 2*u - i = 0. List the prime factors of b.
2, 7
Let j = 8 + -7. Let k = j + 2. Let h = k - -7. What are the prime factors of h?
2, 5
Let w be ((-4)/6)/((-1)/3). Suppose w*l + l - 54 = 0. List the prime factors of l.
2, 3
Let a = 103 + -57. Suppose a = 3*v + 5*b - 51, 0 = v - 2*b - 36. Suppose 5*l = v - 9. List the prime factors of l.
5
Let n(r) = -r**3 + 3*r**2 + 4*r. Let y be n(4). Suppose 3*i - w - 8 = 0, i + y*w - 4 = -w. Let l = i + -1. List the prime factors of l.
2
Let w = 117 - 70. Let b = w - 32. What are the prime factors of b?
3, 5
Suppose -4*z = 4*k + 32, -5*k + 4*z - 6 + 2 = 0. Let h be 10/k - 5/10. Let d = 8 - h. What are the prime factors of d?
11
Let o = 18 + -15. Suppose -135 - 76 = -5*n - 2*f, -2*f = -o*n + 117. List the prime factors of n.
41
What are the prime factors of -3 + (-981 - 4)/(-5)?
2, 97
Suppose 6*q = 2945 - 911. List the prime factors of q.
3, 113
Suppose 136 = 4*x - 0*x. Suppose -5*q + x = -3*z, q = z - 2*q + 14. Let w = z - -22. What are the prime factors of w?
2, 7
Let o be (-4)/(-8) - 1/2. Suppose -2*m + 10 = -o*m. List the prime factors of m.
5
Suppose -c = 4 + 1. What are the prime factors of -6 - -6 - 5*c?
5
Let v = 0 - -4. Suppose -2*j - 74 = -v*w, 4*j - 10 = -3*w + 40. What are the prime factors of w?
2, 3
Suppose 2*y + 4*i - 2 = 14, -y - 4*i + 16 = 0. Suppose y = 5*f - 47 + 17. Suppose 2*o - f*o + 8 = 0. What are the prime factors of o?
2
Suppose -2*k = -2*d - 0*d - 4, 2*d + 2*k = 16. Let b(m) = -m**3 + 7*m**2 - 3*m - 1. What are the prime factors of b(d)?
2, 13
Let i(h) = h - 3. Let k be i(8). Suppose -5*l - q + 12 = 0, -k*l + 3*q + 21 + 3 = 0. Suppose 3*n = l*p, -3*p + 31 = 4*n + 3. What are the prime factors of p?
2
Let n = 3 - -9. List the prime factors of n.
2, 3
Let z = 100 + -50. Suppose 4*r - 2*c - 104 = c, -c - z = -2*r. What are the prime factors of r?
23
Let h = -2 - -2. Let i be 1 + (28 - (0 + h)). Let t = i - 21. List the prime factors of t.
2
Suppose -4*t + 2*y = -266, 0*y - 202 = -3*t - y. What are the prime factors of t?
67
Suppose -76 = -5*v - 621. Let g be 2/(-6) - v/3. Suppose -5*p + p = -g. List the prime factors of p.
3
Let g be (-24)/(-36)*(4 - 1). Let c = 7 + g. What are the prime factors of c?
3
Suppose -y + 17 = -2*s - 0*s, -4*y + 3*s = -73. Suppose 4*u + 4*t + 48 = 0, -2*u = -0*t - 3*t + y. Let l = -6 - u. List the prime factors of l.
5
Let g = 64 - 45. Let l = 30 - g. What are the prime factors of l?
11
Let j = 5 + -17. Let u be (-82)/8 - 3/j. What are the prime factors of 212/18 + u/(-45)?
2, 3
Let o(q) be the third derivative of -25*q**4/24 - q**3/2 + 10*q**2. List the prime factors of o(-1).
2, 11
Let n be (5/10)/(2/16). Suppose 0 = -n*g - 0*g + 24. List the prime factors of g.
2, 3
Let h = -7 - 1. Let q be (h/6)/(5/(-105)). Suppose 0 = 2*x - q - 6. What are the prime factors of x?
17
Let t be (-1)/((-249)/124 - -2). Suppose -4*c = -20, -t = -2*o - o + c. Suppose 2*g - o = 3*b, 29 = g - 5*b + 2*b. What are the prime factors of g?
2, 7
Let v be (6 - 4) + 17/1. Suppose -4*w + 5 = -v. List the prime factors of w.
2, 3
Let b(h) = -2*h**2 + 7*h + 6. Let y be b(4). Let j(o) = o**2 + 2. Let r be j(0). List the prime factors of (r - y) + 3/1.
3
Suppose 0 = g + 2*m + m + 20, 3*g - m = -60. Let w = -6 - g. List the prime factors of w.
2, 7
Suppose 0 = -4*z - 2*f + 70, -4*z = 5*f + 7 - 68. List the prime factors of z.
19
Let x(c) = -4*c**3 - 4*c**2 - 5*c. Let j = -14 + 20. Let m(g) = 5*g**3 + 5*g**2 + 6*g. Let n(p) = j*x(p) + 5*m(p). What are the prime factors of n(2)?
2, 3
Suppose 2*m - 5 = 3, -147 = -5*t - 3*m. What are the prime factors of t?
3
Suppose 6*q - q = 0. Suppose 5*m - 31 = 29. Suppose s - m = 3*d, q*d = 4*d + 4. What are the prime factors of s?
3
Let t(r) = -2*r**3 + r**3 + 2 - 5*r**2 - 4*r + 0*r**2. Let n be (-1)/(-4) + 17/(-4). What are the prime factors of t(n)?
2
Let k(d) = -d**3 + d + 194. Let x be k(0). What are the prime factors of x/10 + 16/(-40)?
19
Let q(p) = p + 7. Let j be q(-4). List the prime factors of 1 - 0 - j - -22.
2, 5
Suppose -v + 6*v = -55. Let a = v + 31. List the prime factors of a.
2, 5
Let w(z) = -z + 8. Let c be w(6). Let a be c/(-5) + (-18)/(-45). Suppose a = 2*f - 4*f + 4. What are the prime factors of f?
2
Let j(z) = -z + 6. Let c be j(6). Suppose -4*u + 8*u + 48 = c. List the prime factors of (u/(-15))/((-2)/(-25)).
2, 5
List the prime factors of 67 + (1 + 0 - -2).
2, 5, 7
Let y = 6 + 44. Suppose 5*w + 0*w = y. List the prime factors of w.
2, 5
Suppose 7*b = 21*b - 1666. List the prime factors of b.
7, 17
Let j = 72 - 27. What are the prime factors of j?
3, 5
Let l(v) = 5*v + 1. Suppose -3*b + 15 = 2*s + s, 0 = -s + 4*b - 15. Let w be l(s). Suppose 0 = -2*g + w*g - 8. List the prime factors of g.
2
Let d(t) = 239*t**2 + 3*t - 5. List the prime factors of d(1).
3, 79
Let l = 9 - 15. Let f = l + 8. List the prime factors of f.
2
Let o = -66 - -122. List the prime factors of o.
2, 7
Let j(b) = 9*b - 3. What are the prime factors of j(4)?
3, 11
Let k(i) = 9*i - 2. Let b(n) = n**3 + 8*n**2 + n + 10. Let h be b(-8). List the prime factors of k(h).
2
Suppose -943 = -4*y + 3*u, 11*y = 10*y + 4*u + 239. What are the prime factors of y?
5, 47
Suppose -j + 27 = -4*j. Let g = 13 + j. List the prime factors of g.
2
Let w = -6 + -30. Let s = -20 - w. Suppose d - s = -0*d. List the prime factors of d.
2
Let o = -5 + 7. List the prime factors of 27/o*(-2)/(-3).
3
Let d = 10 - 5. Suppose -4*n + 188 = -4*c, 46 = -4*n - 5*c + 261. Suppose 0*k = -d*k + n. What are the prime factors of k?
2, 5
Let n(a) = a + 7. Let r be n(-7). Let f = r - -6. List the prime factors of f.
2, 3
Let s be 2/8 - (-33)/(-4). Let p = -64 + 45. Let r = s - p. What are the prime factors of r?
11
Let q be 3/9*-2*3. Let p = q + 3. Let i(r) = 3*r**2 + r. What are the prime factors of i(p)?
2
Let h be (-129)/(-27) + 2/9. Suppose -h*n - 5*s + 155 = 0, -n = 6*s - 3*s - 33. What are the prime factors of n?
2, 3, 5
Let r = 13 + -9. Suppose r*s - 6 - 34 = 0. List the prime factors of s.
2, 5
Suppose 11 = -2*i - 3*f, -35 = -5*i + f + 4*f. Suppose -x + 10 = -i*x + 5*a, 4*x - 5*a = 35. What are the prime factors of x?
3, 5
Suppose -4*j + 11 = 3. Suppose j*y - 180 = -3*y. Suppose 2*q + 8 = y. What are the prime factors of q?
2, 7
Let l(i) = 2*i**3 - 8*i**2 + 5*i + 10. What are the prime factors of l(6)?
2, 23
Let a = -8 + 22. What are the prime factors of a?
2, 7
Let y(g) = -3*g**3 + g**2 + 2*g + 1. Let k be y(-1). List the prime factors of k + 4 + 1*-2.
5
Suppose 2*t - 9 = 69. List the prime factors of t.
3, 13
Suppose 2*z - 5 = -1. Let n = z + -1. Let a = n + 7. What are the prime factors of a?
2
Let i = 9 + -4. Suppose p - 43 = -i*s - 6, -23 = -3*s - p. Suppose 2*z + d = 8, 3*z + d + s = 4*z. What are the prime factors of z?
5
Suppose 2*m + 2*d = -18, -3*m + 3 = -6*m + 3*d. Let f(o) = -4*o - 2. What are the prime factors of f(m)?
2, 3
Let m = -8 + 19. What are the prime factors of m?
11
Let n be (-1)/(-2 - (-5)/3). Suppose g + 4*f = 13, 5*g = n*f + 2*f - 10. Let r = 11 - g. What are the prime factors of r?
2, 5
Let f be -5 + 4 - 6/(-1). Suppose 20 = f*c, 5*c - 45 = -4*o + 31. List the prime factors of o.
2, 7
Suppose 4 = -4*f + 4*g - 0*g, -8 = -2*f + 4*g. Let j(n) = -n**3 - 4*n**2 + 6*n + 2. What are the prime factors of j(f)?
2, 19
List the prime factors of (-16)/(-56) + 150/14.
11
Suppose -4*c = 5*g - 40, 5*g + 2*c - 30 - 10 = 0. Supp